pose -3*i - 4 = t + 14, 4*t + 28 = -i. Let q be -18*t/48*128/6. Calculate the greatest common divisor of c and q.
3
Suppose 0 = 710*w - 715*w - 25. Let j be w - (13/(-1) + -6). What is the highest common divisor of 476 and j?
14
Let z(x) = 4*x - 1. Let b be z(1). Let k = 396 + -392. Suppose m - 12*d = -15*d + 16, 0 = -k*m - 2*d + 14. What is the highest common divisor of m and b?
1
Let l(y) = 2*y**2 + 6*y**2 - y**2 - 2*y**2 - 5 - 3*y - y**3. Let r be l(4). Let q = r - -15. What is the highest common divisor of 35 and q?
7
Suppose 4*p + x = 87, 4*p + 3*x = 4*x + 97. Calculate the highest common divisor of p and 368.
23
Let n(f) = -f**3 + 7*f**2 - 6*f - 2. Let z be n(5). Suppose h - 2*h - 5*w - 22 = 0, h + 6 = -3*w. What is the greatest common factor of z and h?
18
Let b be 3/9 - (-3906)/(-54). Let g = 496 - b. What is the greatest common factor of g and 71?
71
Suppose 3*q - 9 = -p + 17, -2*p - 2*q = -52. Let z(o) = -2*o - 38 - 18*o + p. Let t be z(-7). What is the highest common factor of 16 and t?
16
Suppose 9*f + 11 = -97. Let n be -35 + 35 + 4/(f/(-15)). What is the greatest common divisor of 395 and n?
5
Let x = 7122 + -5982. Calculate the greatest common factor of x and 40.
20
Suppose 0 = -4*u + 5*d + 132, -3*u - 3*d + 68 = -4. Let i be 0 + 152 - (0 - 2). What is the greatest common factor of i and u?
14
Let w be (-30)/(-9) + -3 + 33/9. Let o = -40 + 42. Suppose -w*p + 148 = o*s, 2*p + 62 = -0*s + s. Calculate the greatest common factor of s and 17.
17
Suppose 293770 = 38*k - 210686 + 166256. What is the highest common factor of k and 10?
10
Let g = -13950 + 20723. What is the highest common divisor of g and 13?
13
Suppose -t - 10 = 9*t. Let n be 420/7 + 9 + t. Calculate the greatest common divisor of n and 4.
4
Let y = 40 - 36. Suppose w - 5*w = 3*s - 161, y*s = w + 202. Let d = -21 + s. Calculate the highest common divisor of 150 and d.
30
Suppose 0 = 2*u - 749 - 77. Suppose 69*k = -20*k + 623. Calculate the highest common divisor of k and u.
7
Let v(a) = 2*a**2 - a - 14. Let g be v(-12). Let l(q) = -882*q + 9724. Let u be l(11). What is the greatest common factor of u and g?
22
Suppose -c + 109 + 881 = 5*r, 0 = -2*c - r + 1953. What is the highest common factor of 117 and c?
39
Let m = -4236 + 4248. Calculate the greatest common divisor of 2064 and m.
12
Let c = 10 - 70. Let q be (-56 + c)*(-2 + 3/4). What is the highest common divisor of 10 and q?
5
Let x(t) = 8*t + 15. Let k(c) = -2*c - 1. Let v(n) = -2*k(n) - x(n). Let i be v(-10). What is the greatest common factor of 18 and i?
9
Let g = -10934 + 13863. Calculate the greatest common divisor of g and 29.
29
Let i(v) = -26*v - 23. Suppose -2*g - 5*w - 8 - 11 = 0, -g = 2*w + 8. Let x be i(g). Calculate the highest common factor of x and 116.
29
Suppose -b = 10*d - 15*d + 133, -5*d + 2*b = -131. Suppose -3*g + 84 = d. What is the greatest common divisor of g and 2?
1
Let u(t) be the second derivative of t**4/4 - 11*t**3/6 + 7*t**2 - 95*t. Let a be u(5). Calculate the greatest common factor of 221 and a.
17
Let h = 12125 - 12119. Let i(x) = x**2 + 3. Let u be i(0). Suppose -3*j = -u*s - 135, 4*s - 6 = 2*s. What is the highest common factor of h and j?
6
Let b = -3496 + 3580. Calculate the highest common divisor of 7 and b.
7
Let j = -5790 - -5850. Calculate the greatest common factor of j and 6960.
60
Let m be (23478/(-260))/43*-10. What is the greatest common divisor of 447 and m?
3
Let l be 3*(1 - 0) + -12 + (6300 - 1). Calculate the highest common factor of 1850 and l.
370
Let v be (-5 - 110/(-6))*-2*3. Let x = v + 128. What is the highest common divisor of 56 and x?
8
Let r(w) = 3*w + 63. Suppose 0 = -4*c + 5*n - 53, -5*c + 4*n - 31 = 24. Let k be r(c). What is the greatest common factor of k and 56?
14
Suppose -4*a - 4*u = -61272, -a + 15306 = 91*u - 92*u. What is the greatest common factor of a and 22?
22
Suppose 714 + 96 = 18*z. Calculate the greatest common divisor of z and 3735.
45
Let u(r) = 2*r**3 - 19*r**2 + 161*r - 1340. Let c be u(9). Let x(v) = -9*v - 2. Let q be x(-8). Calculate the greatest common divisor of q and c.
14
Suppose j = -5*z + z + 6, 0 = -5*z + j + 3. Let p(g) = 4*g**2 - 6*g + 6. Let r be p(z). Calculate the greatest common divisor of r and 44.
4
Let w be (-5952)/(-20) + 126/(-210). What is the greatest common divisor of 36 and w?
9
Let y(f) = -f**3 + 94*f**2 - 212*f + 2810. Let a be y(92). What is the highest common divisor of a and 261?
9
Suppose 14 = 2*b - 5*q, 0 = -5*b - 2*q - 0 + 6. Suppose -4*y + 88 = 2*s, -30 = 5*s + 2*y - 226. What is the greatest common factor of s and b?
2
Let z(o) = 4*o**3 - 5*o**2 + 10*o + 5. Let r(i) = i**3 - 2*i + 1. Let k(c) = -5*r(c) + z(c). Let j be k(-8). Calculate the highest common factor of j and 176.
16
Suppose -3*m + j - 27 = 51, 0 = -4*j. Let w = -23 - m. Suppose -6*y + w = -5*y. What is the highest common divisor of 21 and y?
3
Let x(r) = -r**3 + 8*r**2 - 18*r + 17. Let l be x(4). Suppose 49 - 265 = -l*f. Calculate the highest common factor of f and 216.
24
Suppose 3*s - 948 = -8*h - 324, 2*h - 156 = 2*s. Calculate the highest common divisor of h and 2769.
39
Let j = 1897 + -1641. Calculate the greatest common factor of j and 384.
128
Let c be ((-52)/20 - -1)*5. Let w(x) = -x**3 - 9*x**2 - 6*x + 16. Let l be w(c). Let s = l + 32. What is the highest common factor of 256 and s?
32
Let w(j) = 30*j**2 + 134*j - 3262. Let c be w(20). Calculate the highest common divisor of 11 and c.
11
Let s be 2/6 + (-1516)/(-6). Let c = 40 + -37. Suppose -4*z = 5*w - 7*z - 124, 0 = z + c. Calculate the greatest common divisor of w and s.
23
Let v = 3979 + -3875. What is the highest common factor of v and 260?
52
Let u(m) = 2*m**3 + m**2 + m + 3. Let b be u(3). Let k be ((-165)/30 + -2)*(-3726)/45. What is the greatest common divisor of k and b?
69
Let h be (5/2)/(-1)*(9464/(-65))/2. What is the greatest common factor of 15743 and h?
91
Let f(h) = 153*h + 7. Let r be f(-3). Let k be (2*1)/(-16 + r/(-28)). Calculate the highest common factor of k and 266.
14
Let q be 13/((-455)/(-20)) + 1070/14. Suppose -11 = -p + 4*o, 0*p - 3*p + o + 33 = 0. Let m be p*(2 + -3 + 2). Calculate the greatest common divisor of m and q.
11
Let z(p) = -p**3 - 4*p**2 + 4*p. Let c be -24 - (-3)/((-12)/(-16)). Let m be 4 + 7/(14/c). Let d be z(m). Calculate the greatest common divisor of d and 32.
16
Suppose -48*q + 3016 + 96 = -920. Let o = 29 + 1. Suppose -3*z = -6 - o. What is the highest common factor of z and q?
12
Let x be (-10 - -7)*(-66)/9. Suppose 4*j = 4*p - 0*p - 220, 56*j = 58*j. Calculate the highest common divisor of x and p.
11
Let k be 2*(-24)/14*(-14)/(-14)*-252. Calculate the greatest common factor of 108 and k.
108
Suppose -3*q - 18 = 0, 3*x - 6*q + 5*q - 38199 = 0. What is the highest common factor of 29 and x?
29
Let b be 228*5/(45/6). Let w = b + -88. Suppose -4320 = -86*x + 41*x. Calculate the greatest common divisor of x and w.
32
Suppose 128*f + 157*f - 120736 = 61*f. Calculate the highest common factor of 132 and f.
11
Suppose 1838*l - 45468 = 1829*l. What is the highest common factor of 12 and l?
12
Let o be (22/(-4))/(42/(-84)). Let c = o + 84. Calculate the highest common factor of 855 and c.
95
Suppose 7*k - 22 = v + 11*k, 4*v + 3*k + 23 = 0. Let l(z) = -5*z**3 - 6*z**2 - z + 6. Let a be l(v). What is the greatest common divisor of a and 42?
6
Let p be 261370/(-236)*52/(-10). What is the greatest common factor of p and 13?
13
Suppose 4*s - 374 = 5*z + 41, -5*s + 4*z = -512. Let x = -97 + s. Let l = -42 - -66. What is the greatest common factor of l and x?
3
Let p be -4 + (652 - -4)/1. Suppose 4*i = p + 100. Calculate the greatest common divisor of 47 and i.
47
Suppose -4*w + 2*w - 2*u - 56 = 0, 3*w + 76 = -u. Let p be 12/w*(1 - 3). Let l be (8/144*9)/((-3)/(-6)). Calculate the highest common divisor of l and p.
1
Let j = -2195 - -3111. Calculate the highest common factor of 8 and j.
4
Let c be -3 - ((-6578)/10 - 22/110) - -5. What is the highest common factor of 6380 and c?
220
Let x = 6267 - 4492. Calculate the highest common factor of 100 and x.
25
Let a be 19/((-56)/35 + 5544/3440). What is the highest common divisor of 86 and a?
86
Let l be 26 + -4 - 5/(-5). Let q(p) = -2*p**2 + 48*p + 15. Let x be q(l). Calculate the highes